o**2 + 45*o - 35. Calculate q(10).
-285
Let i(p) = -p**2 - 194*p + 2259. Give i(11).
4
Let p(b) = 2050862*b + 2050871. Give p(-1).
9
Let m(y) = 8*y**3 + 203*y**2 - 90*y - 4136. Calculate m(-25).
-11
Let w(f) = 143*f**3 - 25*f**2 + 25*f + 36. What is w(2)?
1130
Let s(o) = o**2 - 43*o + 692. What is s(19)?
236
Let d(q) = -932*q + 36832. Give d(39).
484
Let k(t) = -119*t**2 - 83425*t - 4187. Determine k(-701).
19
Let f(m) = -5134*m - 30894. Determine f(-6).
-90
Let d(c) = -c**3 - 2*c**2 + 12572*c + 3354. Calculate d(-113).
77
Let a(k) = -100*k**2 + 5475*k - 9257. Calculate a(53).
18
Let a(x) = -x**2 - 3988*x - 411473. Calculate a(-106).
19
Let p(o) = -7206*o - 295419. Determine p(-41).
27
Let c(b) = -b**3 + 94*b**2 - 82*b + 16288. What is c(95)?
-527
Let o(z) = -30862*z**2 - 462931*z - 16. What is o(-15)?
-1
Let u(l) = -6*l**3 + 37*l**2 - 245*l - 24. What is u(6)?
-1458
Let t(z) = -3*z**3 - 51*z**2 - 56*z - 1988. Calculate t(-18).
-8
Let v(g) = -18477*g + 646672. What is v(35)?
-23
Let y(o) = 2*o**3 + 33*o**2 + 180*o - 68. Give y(-8).
-420
Let j(i) = 67*i + 5017. Determine j(-75).
-8
Let u(z) = 18*z**2 - 444*z - 97. Determine u(5).
-1867
Let t(i) = -3360*i + 1229761. What is t(366)?
1
Let j(m) = -99*m**3 - 5*m**2 - 62*m + 141. Calculate j(3).
-2763
Let l(v) = 3*v**3 - 20*v**2 - 34*v + 207. Determine l(-4).
-169
Let f(u) = u**2 - 133*u - 365. Determine f(129).
-881
Let v(o) = 3096*o - 12412. What is v(4)?
-28
Let r(g) = 59*g**3 + 948*g**2 + 45*g - 303. Calculate r(-16).
1
Let b(t) = t**3 + 28*t**2 + 30*t - 1184. Give b(-25).
-59
Let j(p) = -2*p**2 + 210*p + 78135. Give j(-152).
7
Let w(n) = -n**3 - 55*n**2 - 433*n - 104. What is w(-46)?
770
Let l(i) = 2*i**2 + 3482*i - 27977. Calculate l(8).
7
Let x(p) = -p**2 - 3108*p + 1783519. Determine x(495).
34
Let i(f) = -f**2 - 612*f - 61231. Give i(-127).
364
Let z(k) = -k**2 - 17728*k - 619540. What is z(-35)?
-285
Let x(i) = 226*i + 46992. What is x(-208)?
-16
Let p(b) = -b**3 - 216*b**2 - 310*b - 66769. What is p(-216)?
191
Let m(d) = -d**3 - 253*d**2 - 13046*d - 1037. Give m(-72).
-29
Let s(m) = m**3 - 86*m**2 - 2924*m + 1083. Give s(112).
-261
Let w(h) = h**3 - 90*h**2 - 19631*h + 1766797. Calculate w(90).
7
Let s(n) = 12156*n - 5105503. Determine s(420).
17
Let v(r) = 11*r**3 - 140*r**2 - 48*r + 103. Give v(13).
-14
Let z(c) = -3*c**3 + 200*c**2 + 36*c + 672. Calculate z(67).
-1405
Let b(c) = -8*c**3 + 89*c + 470. What is b(-6)?
1664
Let c(b) = b**3 + 422*b**2 + 43499*b + 459. Determine c(-243).
-27
Let s(h) = 790*h + 214092. Give s(-271).
2
Let f(k) = -k**2 - 35*k + 693. Determine f(14).
7
Let b(m) = -8*m + 404. Determine b(15).
284
Let z(t) = t**2 + 198*t - 44479. Give z(-332).
9
Let x(m) = 94776*m - 1705966. What is x(18)?
2
Let g(b) = -b**3 - 137*b**2 - 228*b + 77. Calculate g(-2).
-7
Let f(l) = 2982*l - 873722. Calculate f(293).
4
Let h(r) = r**2 - 269*r + 4059. Determine h(16).
11
Let w(a) = -7*a**2 + 10*a + 30. Calculate w(5).
-95
Let o(k) = 29*k - 4060. Determine o(127).
-377
Let h(t) = t**2 + 1614*t - 19473. What is h(12)?
39
Let x(f) = f**2 + 104178*f + 729194. Calculate x(-7).
-3
Let u(r) = 18*r**3 + 168*r**2 - 49*r + 706. Determine u(-10).
-4
Let j(w) = 2*w**2 - 14082*w - 709121. Calculate j(-50).
-21
Let q(b) = -14*b**2 + 9669*b + 29031. Determine q(-3).
-102
Let d(y) = 8*y**2 + 150*y + 447. Determine d(-5).
-103
Let y(s) = -s**3 - 148*s**2 - 2467*s - 1670. Give y(-129).
394
Let x(a) = -3*a**2 - 31292*a - 780413. Calculate x(-25).
12
Let k(h) = h**2 - 73*h + 378. Calculate k(9).
-198
Let i(w) = 27*w**2 + 2267*w - 83. Give i(-84).
1
Let w(l) = -143750*l + 9918737. Determine w(69).
-13
Let p(n) = -16338*n + 277807. What is p(17)?
61
Let h(d) = -24051*d + 72308. Calculate h(3).
155
Let r(t) = 3*t**2 - 361*t + 5366. Calculate r(16).
358
Let f(h) = h**3 - 20*h**2 - 403*h - 33. What is f(-13)?
-371
Let z(s) = 395*s + 23607. What is z(-60)?
-93
Let m(r) = -4*r**2 - 100*r + 4644. Give m(21).
780
Let h(l) = 2*l**3 - 24*l**2 + 109*l. Calculate h(6).
222
Let l(o) = o**2 + 102*o + 2181. What is l(-31)?
-20
Let p(w) = w**2 - 32*w + 139. Calculate p(31).
108
Let d(x) = -2*x**3 + 23*x**2 - 913*x + 9910. What is d(11)?
-12
Let i(c) = 9*c**2 + 123*c - 416. What is i(3)?
34
Let z(l) = 1655*l - 1704. Determine z(1).
-49
Let r(z) = 142*z - 4460. Determine r(30).
-200
Let n(q) = -23544*q + 188306. Calculate n(8).
-46
Let b(s) = -s**3 - 118*s**2 + 714*s + 12163. Determine b(-123).
-14
Let r(c) = 509*c - 94910. Give r(186).
-236
Let d(s) = 6*s**3 - 11*s**2 + 61*s - 124. What is d(3)?
122
Let g(v) = -2*v**2 + 220*v + 46. Give g(9).
1864
Let o(b) = 450*b + 5836. Give o(-13).
-14
Let z(x) = -4*x**3 - 240*x**2 + 198*x - 2791. What is z(-61)?
15
Let h(a) = -7*a**2 - 3451*a + 31213. Determine h(9).
-413
Let b(r) = r**2 - 412*r - 43416. Determine b(499).
-3
Let a(j) = 2*j**3 + 77*j**2 - 117*j + 252. What is a(-40)?
132
Let v(o) = -1402*o + 11422. What is v(8)?
206
Let u(f) = f**3 + 108*f**2 + 90. What is u(-108)?
90
Let b(h) = 2*h**2 + 2116*h + 306186. Calculate b(-173).
-24
Let f(q) = -22279*q - 111428. What is f(-5)?
-33
Let u(m) = 3*m**3 - m**2 + 5*m - 1675. Calculate u(0).
-1675
Let f(n) = -4*n**2 + 1811*n - 22435. Give f(440).
5
Let f(i) = -56*i**2 - 147*i - 593. Determine f(-6).
-1727
Let l(v) = v - 631. Calculate l(-87).
-718
Let g(b) = b**2 + 76*b - 2883. Give g(37).
1298
Let b(g) = -39*g - 2209. Determine b(-29).
-1078
Let b(u) = -4437*u + 612308. Calculate b(138).
2
Let o(x) = -x**2 - 34748*x + 451888. Calculate o(13).
-5
Let k(h) = -31*h**2 + 1329*h - 5856. Calculate k(5).
14
Let k(t) = t**3 - 441*t**2 + 4801*t + 148869. Give k(429).
6
Let l(u) = -2*u**2 + 31*u - 565. Calculate l(25).
-1040
Let y(r) = -63*r**2 + 704*r - 276. Calculate y(10).
464
Let h(j) = 35*j**2 + 121*j + 9. Determine h(-3).
-39
Let u(d) = 3*d**2 + 220952*d + 883827. Calculate u(-4).
67
Let s(f) = -66*f**3 + 1428*f**2 + 1429*f - 1. What is s(-1)?
64
Let g(h) = 6*h**3 + 280*h**2 - 755*h - 12. Calculate g(-49).
3369
Let t(y) = y**3 + 252*y**2 - 3712*y + 3276. Calculate t(-266).
84
Let v(f) = -3*f**2 + 1156*f + 2319. Determine v(-2).
-5
Let x(j) = 390*j + 10020. What is x(-26)?
-120
Let r(g) = -585*g + 36086. What is r(62)?
-184
Let t(u) = u**2 + 339*u + 28647. What is t(-159)?
27
Let t(c) = -72*c**2 + 532*c + 1208. Give t(-2).
-144
Let n(w) = -71262*w + 3420608. Give n(48).
32
Let d(z) = -z**2 - 6844*z + 192807. Determine d(28).
391
Let i(r) = 9015*r + 297469. Determine i(-33).
-26
Let g(b) = -4*b**2 + 741*b - 6625. What is g(9)?
-280
Let n(z) = -327*z + 18022. What is n(55)?
37
Let a(y) = -y**3 + 339*y**2 - 6081*y + 388. What is a(320)?
68
Let o(w) = 2*w**2 + 5197*w + 1379122. Determine o(-300).
22
Let o(c) = c**2 + 310*c - 8580. What is o(28)?
884
Let c(q) = 179*q**2 - 347*q - 817. Determine c(3).
-247
Let x(f) = -47*f**2 + 42*f - 130. What is x(3)?
-427
Let w(q) = 195065*q + 390151. Give w(-2).
21
Let s(r) = r**3 - 7*r**2 - 254*r + 2006. What is s(15)?
-4
Let b(c) = c**3 + 73*c**2 - 124*c - 556. Give b(4).
180
Let p(f) = -56767*f + 7152634. Give p(126).
-8
Let p(r) = 186*r + 1462. Give p(-7).
160
Let o(i) = -519*i - 178154. Calculate o(-344).
382
Let u(m) = 2*m**2 - 5241*m + 327330. Calculate u(64).
98
Let p(v) = -5*v**3 + 224*v**2 + 522*v - 223. Determine p(47).
12
Let c(f) = f**3 + 194*f**2 + 263*f + 11296. Calculate c(-193).
-2214
Let m(l) = l**3 - 2*l**2 - 432*l - 1310. Determine m(-18).
-14
Let p(g) = -363*g**2 - 4530*g - 2079. Determine p(-12).
9
Let i(y) = y**3 + 225*y**2 - 34706*y - 18474. Determine i(-330).
6
Let r(q) = -47*q**2 - 4128*q + 711. Give r(-88).
7
Let f(u) = -108*u**3 + 14582*u**2 - 284*u + 1959. Give f(135).
69
Let i(h) = 4*h**3 + 111*h**2 - 821*h + 10. Calculate i(8).
2594
Let v(n) = 2*n**3 + 121*n**2 + 87*n - 5473. Calculate v(-59).
-163
Let g(f) = -f**3 + 206*f**2 - 1401*f + 1578. What is g(199)?
-14
Let q(v) = 222*v + 6015. Calculate q(-27).
21
Let c(x) = 176*x - 1309. Calculate c(6).
-253
Let p(n) = n**3 - 9*n**2 + 79944*n - 559547. What is p(7)?
-37
Let p(x) = x**3 - 80*x**2 + 131*x - 10469. Give p(80).
11
Let n(i) = -2*i**3 + 1063*i**2 - 2651*i + 3129. Give n(529).
-45
Let j(i) = 58*i**3 + 404*i**2 - 6*i + 15. Calculate j(-7).
-41
Let q(k) = -8*k**2 + 1109*k - 18535. What is q(17)?
-1994
Let v(c) = 607